 (base 6) to base 9.
681401
Convert -11032231322 (base 4) to base 8.
-5165572
Convert -76795 (base 12) to base 9.
-257775
Convert 111110000100222 (base 3) to base 9.
14400328
85b94 (base 12) to base 16
2b060
Convert 120391 (base 16) to base 12.
48b241
What is -5777f2 (base 16) in base 11?
-3265877
Convert 128b70 (base 15) to base 8.
3312535
-2743766 (base 13) to base 15
-11468eb
82606 (base 13) to base 2
111001000110101110
Convert 2261071 (base 9) to base 2.
100101010001000010011
What is -323323320 (base 5) in base 4?
-11102121211
What is 7b496 (base 14) in base 11?
195449
-18006 (base 13) to base 4
-23100333
Convert -665623 (base 9) to base 6.
-12305420
-4c3bbb (base 15) to base 2
-1101111101000000110000
Convert 2a1438 (base 12) to base 4.
2230230230
-24a143 (base 12) to base 15
-bc323
What is 2233331220 (base 5) in base 11?
28a1761
What is 650335 (base 15) in base 3?
100001101012212
-456a09 (base 11) to base 14
-14cb30
What is -1311211030 (base 5) in base 7?
-36263364
What is 40796 (base 11) in base 12?
2a538
Convert -453642 (base 8) to base 15.
-3073b
1958516 (base 11) to base 15
454615
Convert 4a9842a (base 11) to base 5.
4230332222
-e8c3e (base 16) to base 14
-1ab646
What is -10321031232 (base 4) in base 7?
-13622211
Convert 11043430214 (base 5) to base 9.
24670776
58a3a (base 16) to base 6
11440510
What is efbc (base 16) in base 2?
1110111110111100
Convert a596 (base 14) to base 5.
1403202
Convert 34c28 (base 13) to base 2.
10111100100010101
What is 331321041 (base 5) in base 4?
11131301012
Convert -4935332 (base 10) to base 6.
-253440432
Convert 3322202131 (base 4) to base 5.
230314310
Convert -102161 (base 9) to base 8.
-166343
9134322 (base 10) to base 7
140432451
Convert 100110000010010101100 (base 2) to base 14.
246312
-100221211022 (base 3) to base 10
-195974
-120121111020 (base 3) to base 16
-4b042
9b4300 (base 12) to base 4
21130032300
Convert -4171470 (base 8) to base 16.
-10f338
What is -110010110111000111010 (base 2) in base 13?
-464785
What is -639d0 (base 16) in base 2?
-1100011100111010000
-31dc0 (base 14) to base 16
-1d784
-1024131124 (base 5) to base 14
-40954b
Convert -1c220 (base 13) to base 5.
-3232124
What is -302031033 (base 5) in base 6?
-41455211
Convert -31461 (base 15) to base 14.
-40d21
-2027164 (base 10) to base 3
-10210222202011
1b5a649 (base 12) to base 3
101222221212010
Convert 63122 (base 8) to base 6.
321134
What is -10576210 (base 9) in base 7?
-61410303
-1000110011100011110 (base 2) to base 6
-10103502
Convert -3620362 (base 7) to base 15.
-90e07
-101341314 (base 6) to base 14
-339898
-111a (base 11) to base 6
-10453
What is 10010100011001101110 (base 2) in base 7?
5111112
574421 (base 10) to base 9
1064855
Convert 32433001 (base 5) to base 14.
7426c
Convert 596c0 (base 16) to base 14.
976a4
Convert -11000001101000101001 (base 2) to base 12.
-322ba1
11100101110010010 (base 2) to base 14
30c38
Convert -4228 (base 14) to base 10.
-11404
Convert -658370 (base 10) to base 2.
-10100000101111000010
5145131 (base 6) to base 2
111100011001001111
302674 (base 8) to base 3
12001212021
32c388 (base 14) to base 8
6447044
Convert -82000 (base 11) to base 3.
-20002022200
-51622 (base 11) to base 10
-75286
What is -12031202 (base 5) in base 6?
-2215511
Convert -26240060 (base 7) to base 11.
-1397370
1301435 (base 6) to base 13
2604b
3536103 (base 8) to base 6
32410455
What is 8860d1 (base 14) in base 6?
243055143
-2021202111 (base 3) to base 16
-afde
Convert 121018 (base 10) to base 15.
25ccd
-2bf02 (base 16) to base 11
-11323a
Convert 623005 (base 7) to base 8.
320266
-5497d5 (base 15) to base 5
-2013002100
Convert 220035 (base 8) to base 3.
10202011202
What is 4c3a9 (base 16) in base 4?
1030032221
What is 4be4 (base 15) in base 14?
5c85
What is 21212110102012 (base 3) in base 6?
225344222
What is 100000011001101011101 (base 2) in base 9?
1887364
What is -2022001212220 (base 3) in base 9?
-2261786
What is -111021110 (base 5) in base 7?
-4062161
-218a2b (base 12) to base 9
-1003078
Convert -2122000100202 (base 3) to base 14.
-28555a
What is -11242401 (base 7) in base 14?
-1b9101
Convert -2755542 (base 8) to base 9.
-1413827
What is -1111000110000100101 (base 2) in base 10?
-494629
What is -1100101000000001000010 (base 2) in base 16?
-328042
377152 (base 8) to base 14
35894
-2b8181 (base 12) to base 6
-23505041
Convert -71c0b6 (base 15) to base 10.
-5406921
Convert 10110122102001 (base 3) to base 6.
103301214
Convert 36754 (base 9) to base 3.
1020211211
Convert -101220022110 (base 3) to base 9.
-356273
-4010507 (base 8) to base 9
-1874388
What is -180cc96 (base 13) in base 16?
-776904
What is -d0637 (base 15) in base 12?
-279807
What is 2674a19 (base 11) in base 14?
883189
What is -1531470 (base 8) in base 9?
-738284
What is -102200202001 (base 3) in base 10?
-230176
What is -300b34 (base 16) in base 6?
-151252500
-7b632b (base 12) to base 9
-3648068
What is -128b39 (base 12) in base 6?
-10315313
-128539 (base 14) to base 9
-1171607
What is 22403311 (base 5) in base 12?
98008
-1223133303 (base 4) to base 2
-1101011011111110011
What is 654052 (base 7) in base 5?
12124011
112112101000 (base 3) to base 5
33123123
-134b2e (base 15) to base 9
-1662868
-12223031211 (base 4) to base 2
-110101011001101100101
What is 2330233322 (base 4) in base 11?
488941
Convert -24517 (base 13) to base 10.
-66775
What is 191ca0 (base 15) in base 14?
23b0a5
What is -9a569 (base 11) in base 3?
-21101221111
-798d96 (base 14) to base 8
-17614350
3125455 (base 7) to base 15
76857
What is -2150304 (base 8) in base 6?
-20214404
Convert 123113212 (base 4) to base 10.
112102
Convert -7632a (base 16) to base 2.
-1110110001100101010
-4170267 (base 8) to base 2
-100001111000010110111
What is 8ab0 (base 12) in base 3?
210010020
-12332132221 (base 4) to base 5
-432010102
Convert -22574776 (base 8) to base 4.
-102233213332
Convert 12651752 (base 8) to base 2.
1010110101001111101010
Convert -1a6a1a (base 11) to base 2.
-1001101010100000110
Convert -132446321 (base 7) to base 12.
-2a43958
What is -136420 (base 7) in base 16?
-66a6
What is 100022211021 (base 3) in base 11?
115a21
Convert -9602a2 (base 13) to base 12.
-1215315
20010121 (base 4) to base 8
100431
Convert -3422343001 (base 5) to base 12.
-26767b6
What is -609158 (base 11) in base 13?
-28349b
Convert 11111011001110001 (base 2) to base 5.
13104000
What is 200220122223 (base 4) in base 5?
4142213110
Convert 2000024124 (base 5) to base 16.
3ba1c7
Convert -436c4 (base 14) to base 2.
-100111110110101100
What is -de83c (base 16) in base 15?
-1300b5
-141041 (base 5) to base 11
-4377
What is 1535043 (base 6) in base 3?
11121012000
Convert -a86628 (base 16) to base 3.
-202202200211011
What is 10001111011010010100110 (base 2) in base 6?
244420010
Convert -3695510 (base 11) to base 6.
-345334205
-5a (base 13) to base 12
-63
What is 14531033 (base 9) in base 6?
414502220
e996c (base 16) to base 15
13d755
Convert 10211220 (base 3) to base 7.
11115
3f7c2 (base 16) to base 11
168405
Convert -123507 (base 9) to base 3.
-10210120021
What is 1212241322 (base 5) in base 9?
5327160
What is ab14 (base 14) in base 3?
1111121211
What is -95f46 (base 16) in base 6?
-21055330
65851 (base 16) to base 9
703357
3141801 (base 9) to base 7
20200600
-491821 (base 10) to base 4
-1320010231
193bbb (base 16) to base 8
6235673
-2211212202211 (base 3) to base 16
-171715
Convert 2210012211 (base 3) to base 9.
83184
Convert -1dbe4 (base 15) to base 8.
-275645
Convert -4bba39 (base 14) to base 7.
-31102602
Convert -34223021 (base 6) to base 14.
-1d2cbb
What is -201a3 (base 12) in base 3?
-2010020220
What is 6435718 (base 9) in base 15?
481cbe
Convert 23200021011 (base 4) to base 9.
5605113
What is 1c3 (base 13) in base 5?
2303
What is -5aaa2 (base 13) in base 4?
-220223011
What is 80278 (base 14) in base 2?
1001011001001110010
-441240 (base 5) to base 9
-22753
1111111101110110101 (base 2) to base 13
1541a4
Convert -2401253 (base 6) to base 14.
-3365b
Convert 226160 (base 7) to base 13.
15605
-31151013 (base 6) to base 4
-3123331101
What is 210212112211 (base 3) in base 16?
691ae
Convert -503617 (base 8) to base 4.
-220132033
Convert 100210201111112 (base 3) to base 13.
110586b
1010200200210 (base 3) to base 9
1120623
Convert -42640 